{"id":750,"date":"2025-10-01T15:20:44","date_gmt":"2025-10-01T15:20:44","guid":{"rendered":"https:\/\/www.keltainenteatteri.fi\/?page_id=750"},"modified":"2025-10-28T12:23:51","modified_gmt":"2025-10-28T12:23:51","slug":"ryhmat","status":"publish","type":"page","link":"https:\/\/www.keltainenteatteri.fi\/index.php\/ryhmat\/","title":{"rendered":"Ryhm\u00e4t"},"content":{"rendered":"\n<p>Ryhm\u00e4varaukset s\u00e4hk\u00f6postitse osoitteeseen keltainenteatteri@gmail.com<\/p>\n\n\n\n<figure class=\"wp-block-image size-large is-resized\"><img data-dominant-color=\"79765b\" data-has-transparency=\"false\" loading=\"lazy\" decoding=\"async\" width=\"1024\" height=\"494\" src=\"https:\/\/www.keltainenteatteri.fi\/wp-content\/uploads\/2025\/10\/Nimeton-1-1024x494.webp\" alt=\"\" class=\"wp-image-805 not-transparent\" style=\"--dominant-color: #79765b; width:681px;height:auto\" srcset=\"https:\/\/www.keltainenteatteri.fi\/wp-content\/uploads\/2025\/10\/Nimeton-1-1024x494.webp 1024w, https:\/\/www.keltainenteatteri.fi\/wp-content\/uploads\/2025\/10\/Nimeton-1-300x145.webp 300w, https:\/\/www.keltainenteatteri.fi\/wp-content\/uploads\/2025\/10\/Nimeton-1-768x370.webp 768w, https:\/\/www.keltainenteatteri.fi\/wp-content\/uploads\/2025\/10\/Nimeton-1-1536x740.webp 1536w, https:\/\/www.keltainenteatteri.fi\/wp-content\/uploads\/2025\/10\/Nimeton-1-2048x987.webp 2048w\" sizes=\"auto, (max-width: 1024px) 100vw, 1024px\" \/><\/figure>\n","protected":false},"excerpt":{"rendered":"<p>Ryhm\u00e4varaukset s\u00e4hk\u00f6postitse osoitteeseen keltainenteatteri@gmail.com<\/p>\n","protected":false},"author":1,"featured_media":0,"parent":0,"menu_order":0,"comment_status":"closed","ping_status":"closed","template":"","meta":{"pgc_sgb_lightbox_settings":"","footnotes":""},"class_list":["post-750","page","type-page","status-publish","hentry"],"blocksy_meta":[],"_links":{"self":[{"href":"https:\/\/www.keltainenteatteri.fi\/index.php\/wp-json\/wp\/v2\/pages\/750","targetHints":{"allow":["GET"]}}],"collection":[{"href":"https:\/\/www.keltainenteatteri.fi\/index.php\/wp-json\/wp\/v2\/pages"}],"about":[{"href":"https:\/\/www.keltainenteatteri.fi\/index.php\/wp-json\/wp\/v2\/types\/page"}],"author":[{"embeddable":true,"href":"https:\/\/www.keltainenteatteri.fi\/index.php\/wp-json\/wp\/v2\/users\/1"}],"replies":[{"embeddable":true,"href":"https:\/\/www.keltainenteatteri.fi\/index.php\/wp-json\/wp\/v2\/comments?post=750"}],"version-history":[{"count":2,"href":"https:\/\/www.keltainenteatteri.fi\/index.php\/wp-json\/wp\/v2\/pages\/750\/revisions"}],"predecessor-version":[{"id":806,"href":"https:\/\/www.keltainenteatteri.fi\/index.php\/wp-json\/wp\/v2\/pages\/750\/revisions\/806"}],"wp:attachment":[{"href":"https:\/\/www.keltainenteatteri.fi\/index.php\/wp-json\/wp\/v2\/media?parent=750"}],"curies":[{"name":"wp","href":"https:\/\/api.w.org\/{rel}","templated":true}]}}